n divisor of 32 and z.
16
Let a = -143 + 211. Let n(r) be the first derivative of 17*r**2/2 - 1. Let w be n(1). What is the greatest common factor of w and a?
17
Let p(f) = -f**3 + 5*f**2 + 7*f + 3. Let y be p(6). What is the greatest common factor of y and 6?
3
Let n(t) = -t + 12. Let z be n(-9). Let r(q) = q**3 + 9*q**2 + q + 7. Let d be r(-8). What is the highest common factor of z and d?
21
Let p be 66/24 + 2/8. Let d = p + -1. Suppose -2*l - 3*t = 2*t - 2, l + d*t - 2 = 0. What is the highest common factor of 54 and l?
6
Suppose 3*a + 3*q = 18, 7*q - 2*q - 10 = -a. Suppose -a*d = -4*t - 5 - 20, 0 = 2*d + 4*t - 10. Calculate the highest common factor of 5 and d.
5
Suppose -2*o = 3*k + 6, 4*k - 2*o - 3 = -o. Suppose k*v = -4*v + 112. Suppose 0*m - v = -2*m. What is the greatest common divisor of m and 70?
14
Suppose -u - u = -8. Suppose -76 = -u*h - 0*b - b, 2*h = -b + 40. Suppose -14 = -z - 2*d, 0*d = -z - 4*d + h. What is the highest common divisor of z and 50?
10
Let g be (-1 - 31)*18/(-8). Let t = 10 - 2. Calculate the highest common factor of t and g.
8
Suppose 0 = 4*l - 45 + 9. What is the highest common divisor of 27 and l?
9
Suppose n - 9 = w - 3*w, 2*w = 3*n - 19. Calculate the greatest common divisor of 1 and n.
1
Let k = -76 - -90. Let l be 70/(-4)*(1 + -5). Calculate the greatest common factor of l and k.
14
Suppose 0 = -15*x + 5593 - 1603. What is the greatest common divisor of x and 14?
14
Let n be (84/8)/(-7)*-10 + 1. Calculate the highest common factor of n and 72.
8
Let j = -71 - -91. Calculate the greatest common divisor of 20 and j.
20
Let j(b) = b - 4. Let i be j(6). Suppose -i*s = s - 150. What is the highest common factor of 10 and s?
10
Let u(w) be the first derivative of -w**2 - 6*w + 1. Let d be u(-4). Suppose -g + 0*g = -22. What is the greatest common factor of d and g?
2
Let l be 26/4 - 1/2. Let h be 1 + (l/3)/(-2). Suppose -2*n + 4*t + 10 = h, -3*n = n - 2*t - 14. Calculate the greatest common divisor of n and 3.
3
Let k be (18/2)/((-6)/(-4)). Let z(v) = v**3 - 5*v**2 + v - 7. Let u be z(5). Let w be u*(-9)/6 + -1. What is the highest common factor of k and w?
2
Suppose 42 + 18 = 5*g. Suppose -3*v + 20 = 2*v. Suppose -189 = -v*z - 45. Calculate the greatest common factor of z and g.
12
Let x(j) be the second derivative of -j**5/20 - j**4/3 + 2*j**2 - j. Let l be x(-4). Suppose -i + 23 = -9. Calculate the greatest common factor of l and i.
4
Let r = 80 + -48. Let q be ((-336)/(-35))/((-3)/(-15)). What is the greatest common factor of r and q?
16
Let i = 20 - 11. Suppose -6 = 3*c - 4*c. Let v be (-1137)/(-18) - 1/c. Calculate the highest common factor of v and i.
9
Suppose 12 + 24 = 4*j. What is the greatest common divisor of j and 90?
9
Let x = -110 + 119. Calculate the highest common factor of x and 72.
9
Suppose -3*d - 6 - 3 = -3*t, 3*t = 3. Let z be (1 + d)*0 - -108. What is the greatest common divisor of 12 and z?
12
Suppose -4*j + 8*j = 164. Calculate the greatest common divisor of 82 and j.
41
Suppose -2*s = -3*k + 118 - 16, 0 = -5*k - 3*s + 151. Let r = k - 8. Suppose r = -2*x + 4*x - 4*y, 5*y = 0. What is the highest common factor of x and 3?
3
Let x = -156 - -228. Suppose 3*m = -0*m + x. What is the highest common divisor of m and 16?
8
Suppose l = -0*l + 6. Let d = 8 - l. What is the greatest common factor of d and 18?
2
Let h(q) = 2*q - 10. Let b be h(11). Let z be (-66)/(-36) + 2/b. What is the highest common factor of 8 and z?
2
Suppose 0 = c - 4 - 2. Let q = -16 - -20. Let p = c - q. Calculate the highest common factor of 10 and p.
2
Let v be (-3)/(-18) - (-1)/(-6). Suppose -5*c + c + 72 = v. Let h be 724/10 - 6/15. What is the greatest common divisor of c and h?
18
Let u(i) be the third derivative of i**5/60 + i**4/24 + i**3/3 + i**2. Let f be u(-2). Calculate the greatest common divisor of f and 16.
4
Let g(i) = -8 + 7 - 3 - 6*i. Let q be g(-6). Suppose a - o - q = -0*a, 4*a = -2*o + 116. What is the greatest common factor of 10 and a?
10
Let u(j) = 2*j**2 + 8*j + 6. Let b be (2 - 1)*0 + 0. Suppose q - 3 + 9 = b. Let w be u(q). What is the highest common divisor of 75 and w?
15
Let a(n) = -n. Let g be a(-3). Suppose i = -g + 27. Suppose 0 = h + 1 - 4. Calculate the greatest common divisor of i and h.
3
Suppose -4*v + 969 = 3*q, -977 = -4*v + 3*q + 2*q. What is the greatest common divisor of v and 27?
27
Let v = -3 - -7. Let g(f) = -2*f - 2. Let h be g(-2). Let j = v - h. What is the highest common factor of j and 10?
2
Let i(u) = -u**3 - 10*u**2 - 11*u + 2. Let z be i(-9). Calculate the highest common divisor of 20 and z.
20
Suppose -7 = -n - 2*f + 7, 40 = 4*n + 4*f. Calculate the greatest common factor of 24 and n.
6
Let v(n) = n**3 + 6*n**2 + 2*n - 8. Let f be v(-5). What is the highest common divisor of 77 and f?
7
Let m be (6/(-18))/(2/(-54)). Suppose -3*j + 51 = l, 15 = -2*l + 5*j + 161. What is the greatest common divisor of l and m?
9
Let s(r) = 25*r - 5. Let u be s(5). What is the highest common divisor of u and 24?
24
Suppose 0*h = 2*h - 576. Suppose 2*c = 6*c - h. Calculate the highest common divisor of 8 and c.
8
Let v = -8 - -26. Let l(p) = p**2 - 4*p + 2. Let r be l(4). Calculate the highest common divisor of v and r.
2
Suppose -a = -3*y + 6, 3*y - 51 = 7*a - 11*a. What is the greatest common divisor of 63 and a?
9
Suppose -2*a + 3 = a. Let d be 4/(-6) + (-17)/(-3). Let l(m) = m**2 - 3*m. Let z be l(d). Calculate the highest common factor of a and z.
1
Suppose -4*k = -o + 104, -4*o - 2*k + k = -365. Suppose -o = -4*m - 4. What is the highest common divisor of m and 2?
2
Suppose -4*c = -2*w - 8 - 14, 4*c + 3*w = 47. Let o = -926 + 938. What is the greatest common factor of o and c?
4
Let g be (2480/2)/(2/(-2)). Let r be ((-54)/(-45))/((-6)/g). Let c = 374 - r. What is the greatest common divisor of c and 18?
18
Let x be (-1)/4 - (-380)/(-16). Let n be ((-4)/8)/(1/x). What is the greatest common factor of n and 96?
12
Let k(x) = x**2 + 11*x - 6. Let q be k(-12). Calculate the greatest common divisor of q and 4.
2
Let j be (5 - -13) + 0 + -2. Let x = j - 9. What is the highest common divisor of x and 7?
7
Let d = -43 - -67. Suppose 4*o - d = -4*q, 3*q + o - 53 = 5*o. Calculate the highest common divisor of q and 11.
11
Let z be 14/5*5/2. What is the highest common divisor of 77 and z?
7
Suppose -3*f - 4*d = f - 76, -3*f + 5*d = -25. Let n(o) = o**2 + 6*o - 3. Let s be n(-4). Let c = s - -116. What is the highest common factor of f and c?
15
Suppose 0 = 3*u + 2*w - 35, -3*u + 5*w - 4 = -74. Calculate the greatest common divisor of u and 15.
15
Let b be (-718)/(-8) + 4/16. Suppose 8*p = 6*p + b. What is the greatest common divisor of p and 30?
15
Let f = 63 + 99. Suppose -h - 5*t + 0*t = 18, 4*h - 3*t = 20. Let r be (-27)/h*8/(-6). Calculate the highest common divisor of r and f.
18
Let n(h) = 2*h**2 + 11*h - 7. Let z be n(-7). Calculate the highest common factor of 14 and z.
14
Let v = 95 - 68. Let q = v - 19. Calculate the greatest common divisor of 8 and q.
8
Let h be -2 + -2 - -6 - -15. What is the greatest common factor of h and 153?
17
Let z = 62 + -53. Calculate the greatest common divisor of z and 27.
9
Let n be -1 - (2 + -8)/1. Suppose 3*r = o + 1, -n*r - 1 = -4*o + 2. Calculate the greatest common divisor of r and 7.
1
Let w = 6 - 3. Suppose w*p - 5 - 1 = 0. Suppose 0 = 2*o + 4*y - 10 - 0, -p*y - 4 = 0. What is the greatest common divisor of 6 and o?
3
Suppose -f + m = 0, -3*m = 2*m - 15. Suppose -3*y = -p + 37, f*p - y - 121 = -2*y. What is the greatest common factor of 10 and p?
10
Let v(h) = 3*h**2 + h - 2. Let a be v(-2). What is the greatest common factor of 64 and a?
8
Suppose 0 = -0*m - m + 5. Let x = 4 + -4. Let g be 1 - -6 - (2 + x). What is the highest common divisor of m and g?
5
Suppose 6*k = 2*k. Suppose k = 2*r - 4*v + v - 35, 5*r - 60 = 2*v. Calculate the greatest common divisor of 5 and r.
5
Let u = -7 + 23. Let z(v) = -113*v - 1. Let j be z(-1). Calculate the greatest common factor of j and u.
16
Let c(s) = -3*s - 10 + 2*s**2 + 2*s**2 - 3*s**2. Suppose 9*h = 12*h - 21. Let d be c(h). What is the highest common divisor of d and 2?
2
Let c be (-1 - -1) + 10 + 5. Suppose 0 = -2*k + 7*k - 150. What is the greatest common factor of k and c?
15
Suppose -3*q + 3 = 